 the prime factors of q.
2, 5, 13
Let k = -333 - -638. Let i = k - 148. What are the prime factors of i?
157
Suppose 5*c + g = 2*c + 36, -4*c = 4*g - 56. Let a = 12 - c. Suppose -4*p - a = -133. List the prime factors of p.
3, 11
Let p = 3925 + -1765. List the prime factors of p.
2, 3, 5
Suppose -4 = -3*u + 2*u. Suppose -4*j + 2*w - 3*w = 4, j + 16 = -u*w. What are the prime factors of j - 0 - 5*-3?
3, 5
Let h be 0/(4/(-1) - -3). Suppose h = d + d + 2, a - 2 = -d. What are the prime factors of a?
3
Let n(m) be the second derivative of -m**3/3 + 4*m**2 + m. Suppose -37 = 5*o + 3*v + 18, -4*v = -o - 11. What are the prime factors of n(o)?
2, 3, 5
Let p(m) = -m**2 - 8*m - 4. Let g be p(-6). List the prime factors of 3 + (-3)/(24/(-118))*g.
11
Let k(f) = f**3 - 4*f**2 + 3. Let d be 10 + -8 - (-1 - 1). Let w be k(d). Suppose -4*y + 112 = w*y. List the prime factors of y.
2
Let h be -2 - -1*6/3. Suppose -3*t + 73 + 83 = h. List the prime factors of t.
2, 13
Let f = 1304 + -558. What are the prime factors of f?
2, 373
Suppose -k + 10 = k. Suppose 324 = j + k*j. What are the prime factors of j?
2, 3
List the prime factors of (9000/(-800))/((-3)/(-80)*-2).
2, 3, 5
Let v be 4 - (-1 + (-4)/(-2)). Suppose 144 = 7*h - v*h. Let r = 89 - h. List the prime factors of r.
53
Let k(s) = 61*s**2 - 15*s - 86. What are the prime factors of k(-8)?
2, 11, 179
Suppose -4*l = -14*l. Suppose l = -5*c + c + 1156. What are the prime factors of c?
17
Let b(d) = -7*d - 38. What are the prime factors of b(-6)?
2
Suppose -2*j + 21 = 15. Suppose -2*l = -0*l + j*v - 107, -v = -5*l + 259. What are the prime factors of l?
2, 13
Let o(q) = q + 3. Let t be o(1). What are the prime factors of -1 + t - -100 - 4?
3, 11
Suppose 24 + 7 = t. Let c = t + -21. What are the prime factors of c?
2, 5
Suppose 2*j + 23 = -5*a, j - a = -4*a - 14. Suppose 0 = -t + 3 + j. What are the prime factors of t?
2
Suppose 3*p - 1029 = -2*u, 2*p = 5*u + 7*p - 2570. Let x = u + -267. List the prime factors of x.
2, 3, 41
Suppose 0 = 2*g - 55 + 25. Suppose 5*o = 2*o + g. Suppose -o*u + 88 = -u. What are the prime factors of u?
2, 11
Let i = 1242 - -296. List the prime factors of i.
2, 769
Let f(k) = 2*k**2 + 16*k + 19. List the prime factors of f(-14).
11, 17
Suppose -3*q + 2*q - 1164 = -2*o, 4*o = -3*q + 2318. What are the prime factors of o?
7, 83
Let z = 18 - 18. Suppose 7*o - 10*o - 9 = z. List the prime factors of (-10)/(o + (-50)/(-18)).
3, 5
Let m(z) = 2*z - z**2 - 6 + 2*z**2 + 22. Let q be m(0). Suppose l - q - 11 = 3*b, 2*l = b + 39. List the prime factors of l.
2, 3
Let g(t) = -3*t**2 + t + 3. Let n be g(-2). Let o = 128 - n. List the prime factors of o.
139
Let g(w) = -4*w**3 + 11*w**2 + 23*w - 84. What are the prime factors of g(-10)?
2, 2393
List the prime factors of 10 - 8 - -732*1.
2, 367
Let o = 2207 - 1499. List the prime factors of o.
2, 3, 59
Let s(d) = -1. Let x(l) = l**3 + 6*l**2 + 5*l + 7. Let k(b) = s(b) + x(b). Let j be k(-5). Suppose n + 25 = j*n + v, -v = 0. List the prime factors of n.
5
List the prime factors of ((-214)/(-6) + 1)*12.
2, 5, 11
Suppose 3*a - 787 - 473 = -5*d, -2*a = 5*d - 845. What are the prime factors of a?
5, 83
Let f be 5/(-2)*(11 - 1). Let w(d) = 6*d**2 + 4*d + 2. Let m be w(-3). Let u = m + f. List the prime factors of u.
19
List the prime factors of 76 + (-10)/25*-10 + -8.
2, 3
Suppose 21*i - 14*i - 2233 = 0. List the prime factors of i.
11, 29
Let s = 3764 + 529. What are the prime factors of s?
3, 53
Let w(r) = -r**3 + 3*r**2 + 5*r + 1. Let v be w(4). Suppose -v*f + 171 = -34. Let u = f + -19. List the prime factors of u.
2, 11
Let y = -14 - -18. What are the prime factors of 69 + (4/y - 4)?
2, 3, 11
Let z(g) = g**2 + 7*g - 24. Let t be z(-11). List the prime factors of -14*24/t*-10.
2, 3, 7
Let n(j) = 12 + j**2 + 4 + j**2 - 3 + 12*j. What are the prime factors of n(-7)?
3
Let l(i) = 5*i - 5*i + 5*i - 16 + 6*i. List the prime factors of l(7).
61
List the prime factors of -22 + 31 + 4*215.
11, 79
Let n = -20 - -12. Let j = -6 - n. Suppose 55 = j*u - f, 2*u - 3*u - f + 35 = 0. What are the prime factors of u?
2, 3, 5
Let c = 1254 + -697. List the prime factors of c.
557
Let w(i) = -3*i + 100. What are the prime factors of w(-35)?
5, 41
Suppose -3531 = -3*y + 3*h, -5*y + 6*y - 5*h = 1189. List the prime factors of y.
2, 587
Let k be (2/6)/(3/54). Let o be (k/12)/((-2)/(-12)). What are the prime factors of (-1)/(o - 94/31)?
31
Suppose 4*k = -2*k - 18. List the prime factors of 94 + 8/20*5 + k.
3, 31
Let b be 2/(-2*3/123). Let p = -10 - b. Let s = 7 + p. List the prime factors of s.
2, 19
Let w(t) be the third derivative of -t**5/60 - t**4/8 + t**3/3 - 2*t**2. Let x be w(-3). Suppose -x*j + 3 = -5. List the prime factors of j.
2
Let i = 64 + 59. What are the prime factors of i?
3, 41
Let v be (-11)/(-11) + 1*-2. Let t be 0*(-1 - (1 + v)). Let z(h) = h**2 + h + 37. What are the prime factors of z(t)?
37
Let l(a) = -a**2 - a + 34. Let h = 8 - 2. Let c = 6 - h. List the prime factors of l(c).
2, 17
Let c(x) = -x**3 - 27*x**2 - 35*x - 15. What are the prime factors of c(-26)?
3, 73
Let x be 3 - (73*-3)/(-3). Let u = -7 - x. Suppose -u - 12 = -5*q. What are the prime factors of q?
3, 5
Let a(u) = 4*u - 6. Let p be a(2). Suppose 5*x - p*t + 0*t = 371, 0 = 4*x - 2*t - 298. What are the prime factors of x?
73
Let q(g) = g + 15 + 4*g + g**2 - 7*g - 10*g. Let m be q(11). Suppose -m*i + 6*i = 26. List the prime factors of i.
13
Let i = 109 + -119. What are the prime factors of (i/4)/((-12)/264)?
5, 11
Suppose 5*a = -r - r + 938, -4*a - 4*r + 760 = 0. Suppose -3*x + 675 + a = -3*v, 0 = 5*x + 3*v - 1427. List the prime factors of x.
2, 11, 13
List the prime factors of (42/(-5))/(63/(-22470)).
2, 7, 107
Let d = -2131 - -4900. List the prime factors of d.
3, 13, 71
Let j(a) = 15*a - 13. Suppose 4*i - 14 - 2 = 0. What are the prime factors of j(i)?
47
Let a = -24 - -31. Suppose -3*z = -a*z + 172. What are the prime factors of z?
43
Let g(h) = -79*h - 19. Let q(c) = 2*c. Let r(o) = -g(o) - 2*q(o). List the prime factors of r(3).
2, 61
Let l(x) = 56*x**3 + 4*x**2 - 7*x - 2. What are the prime factors of l(2)?
2, 7
Suppose 0 = -a + w, -w = -4*a - 16 + 1. Let i(o) = -o**3 - 6*o**2 - 4*o + 12. List the prime factors of i(a).
7
Let p(q) = 14*q + 2. Let g be p(5). Let o = g + -39. List the prime factors of o.
3, 11
Suppose 5*u = 7*u - 48. Suppose -636 = u*q - 28*q. List the prime factors of q.
3, 53
Suppose 2*u - 83 = 7. Suppose 8 = v - u. List the prime factors of v.
53
Suppose 0 = -5*d + 1 + 19, 76 = 4*i + 3*d. Suppose -i*t - 15 = -19*t. What are the prime factors of t?
5
Let u = 1214 + -796. List the prime factors of u.
2, 11, 19
Let x be (-21)/(-6)*16/(-1). Let w be 101 + (-2 - -3)*-1. Let v = x + w. What are the prime factors of v?
2, 11
Let k be (2/(-6))/(((-68)/(-24))/(-17)). Let v be (-2)/6 - 926/(-6). Suppose -4*p = 2*h - v, k*h - 105 = -3*p + 48. What are the prime factors of h?
3, 5
Suppose -2*r + 86 = -5*u + 712, -r - 127 = -u. List the prime factors of u.
2, 31
Let g(y) = -4*y - 5. Let i = -12 - -20. Let f be g(i). Let a = -4 - f. What are the prime factors of a?
3, 11
Let q(d) = 2*d**2 - 12*d + 592. What are the prime factors of q(0)?
2, 37
Suppose -6 = -3*r, 0 = 4*m + 4*r - 0*r - 20. Let q be 1*(3 - (4 - m)). Suppose -q*c = 3*c - 140. What are the prime factors of c?
2, 7
Suppose -72 = 3*t - 276. Suppose t = -3*y + 5. List the prime factors of y/(-35) + (-184)/(-10).
19
Suppose -4*l + 18 = 66. Let b(v) = 10*v - 4. Let z be b(-3). Let y = l - z. What are the prime factors of y?
2, 11
Let j be (-2)/(-7) + 64/(-224). Suppose j*o + 3*p + 6 = 5*o, -4*p = o - 15. List the prime factors of o.
3
Let g be -4 + -12*8/(-12). Suppose u + 3*o = 110, 0 = -u - o - g*o + 118. List the prime factors of u.
2, 7
Let d be (-29)/5 - (3/15 + 0). List the prime factors of 46/(-1 + d/(-4)).
2, 23
What are the prime factors of (-4)/10*1565/(-1)?
2, 313
Suppose 2*u - 2*c = 498, -2*c - 161 = -u + 89. What are the prime factors of u?
2, 31
Let y(l) = 291*l**2. What are the prime factors of y(-1)?
3, 97
List the prime factors of (257 - 21)/(2/4).
2, 59
Let r(x) = -69*x + 8 - 14 + 72*x - 12. What are the prime factors of r(8)?
2, 3
Suppose 3*y + 38 = 98. Let s be (-544)/y + 8/(-10). Let w = 88 